{"id":55,"date":"2020-01-22T07:28:22","date_gmt":"2020-01-22T07:28:22","guid":{"rendered":"https:\/\/jupiterx.artbees.net\/ngo\/?page_id=55"},"modified":"2024-02-12T20:30:32","modified_gmt":"2024-02-12T20:30:32","slug":"fundacja","status":"publish","type":"page","link":"https:\/\/motylarnia.org\/index.php\/fundacja\/","title":{"rendered":"FUNDACJA"},"content":{"rendered":"\t\t<div data-elementor-type=\"wp-page\" data-elementor-id=\"55\" class=\"elementor elementor-55\">\n\t\t\t\t\t\t<section class=\"elementor-section elementor-top-section elementor-element elementor-element-52e40ab6 elementor-section-boxed elementor-section-height-default elementor-section-height-default\" data-id=\"52e40ab6\" data-element_type=\"section\">\n\t\t\t\t\t\t<div class=\"elementor-container elementor-column-gap-default\">\n\t\t\t\t\t<div class=\"elementor-column elementor-col-100 elementor-top-column elementor-element elementor-element-759c5687\" data-id=\"759c5687\" data-element_type=\"column\">\n\t\t\t<div class=\"elementor-widget-wrap elementor-element-populated\">\n\t\t\t\t\t\t<div class=\"elementor-element elementor-element-282066a8 elementor-widget elementor-widget-text-editor\" data-id=\"282066a8\" data-element_type=\"widget\" data-widget_type=\"text-editor.default\">\n\t\t\t\t<div class=\"elementor-widget-container\">\n\t\t\t\t\t\t\t\t\t<p>FUNDACJA<\/p><h4>Misj\u0105\u00a0Fundacji Rozwoju MOTYLARNIA\u00a0jest pozytywne oddzia\u0142ywanie na rozw\u00f3j dzieci, os\u00f3b doros\u0142ych oraz spo\u0142eczno\u015bci, w kt\u00f3rej \u017cyjemy.<\/h4><h5 style=\"text-align: center;\">MISJA<\/h5><p>Centraln\u0105 dla nas warto\u015bci\u0105 jest ROZW\u00d3J, kt\u00f3ry postrzegamy w trzech uzupe\u0142niaj\u0105cych si\u0119 wzajemnie wymiarach:<\/p><ol><li>Harmonijny, psychospo\u0142eczny rozw\u00f3j dziecka od pocz\u0105tku \u017cycia do osoby doros\u0142ej.<\/li><li>\u015awiadomy rozw\u00f3j wewn\u0119trzny doros\u0142ego cz\u0142owieka w kierunku samorealizacji i kszta\u0142towania jako\u015bci swojego \u017cycia.<\/li><li>Rozw\u00f3j \u015bwiadomo\u015bci spo\u0142ecznej opartej na wsp\u00f3\u0142odpowiedzialno\u015bci i wzajemnym poszanowaniu wolno\u015bci i godno\u015bci osobistej.<\/li><\/ol><p>Naszym pragnieniem jest pe\u0142ne zaanga\u017cowanie posiadanych przez nas kompetencji zawodowych <br \/>i osobistych takich jak psychologiczne, pedagogiczne, terapeutyczne, trenerskie i organizacyjne w celu inicjowania, prowadzenia oraz promowania wszelkich dzia\u0142a\u0144 na rzecz kreowania bezpiecznego \u015brodowiska, <br \/>w kt\u00f3rym dzieci i doro\u015bli maj\u0105 mo\u017cliwo\u015b\u0107 jak najpe\u0142niejszej realizacji swojego potencja\u0142u.<\/p><h4>ZESP\u00d3\u0141<\/h4><h4>Joanna Kowalska-Andrzejewska<\/h4><p>Prezeska Zarz\u0105du<\/p><p>kierowniczka i terapeutka O\u015brodka Terapii Motylarnia, gdzie prowadzi zaj\u0119cia socjoterapeutyczne, <br \/>warsztaty dla rodzic\u00f3w oraz konsultacje rodzinne i indywidualne<br \/>pomys\u0142odawczyni i koordynatorka projekt\u00f3w antydyskryminacyjnych fundacji, <br \/>m.in. Akademii R\u00f3wno\u015bci i R\u00f3\u017cnorodno\u015bci oraz programu <br \/>BY\u0106 SOB\u0104 &#8211; CZU\u0106 SI\u0118 BEZPIECZNIE 2023r.- wsparcie wsp\u00f3\u0142pracy rodzic\u00f3w i kadry <br \/>w celu budowania bezpiecznych relacji w szkole.<\/p><p>Wykszta\u0142cenie: psycholo\u017cka, trenerka, socjoterapeutka, arteterapeutka; <br \/>uko\u0144czy\u0142a Kurs Podstawowy Psychoterapii Systemowej WTTS, <br \/>Studium Profilaktyki Uzale\u017cnie\u0144 przy Towarzystwie Psychoprofilaktycznym w Warszawie, <br \/>Studium Arteterapii Instytutu Eriksonowskiego, <br \/>Szko\u0142\u0119 Trener\u00f3w Organizacji Pozarz\u0105dowych STOP oraz specjalizacj\u0119 z psychologii klinicznej dzieci i m\u0142odzie\u017cy \u2013 Ginekologiczno-Po\u0142o\u017cniczy Szpital Kliniczny UM w Poznaniu i Akademia Pedagogiki Specjalnej w Warszawie, <br \/>Akademi\u0119 Trenerek MiniMediacji z i mi\u0119dzy dzie\u0107mi na podstawie Porozumienia bez Przemocy Marshalla B. Rosenberga<\/p><h4>Adam Stepnowski-Said<\/h4><p>Wiceprezes Zarz\u0105du<\/p><p>pomys\u0142odawca i koordynator Akademii Rozwoju Rodzic\u00f3w, <br \/>prowadzi zaj\u0119cia grupowe, konsultacje rodzinne i indywidualne<\/p><p>Wykszta\u0142cenie: psycholog, trener, socjoterapeuta; <br \/>uko\u0144czy\u0142 Podstawowy i Zaawansowany Kurs Psychoterapii Systemowej WTTS. <br \/>Uzyska\u0142 certyfikat uprawniaj\u0105cy do prowadzenia zaj\u0119\u0107 i pracy z rodzicami ma\u0142ych dzieci metod\u0105 <br \/>\u201cCircle of Security\u00ae Parenting Training\u2122\u201d w Londynie.<\/p><h4>Sylwia Ko\u0144czak<\/h4><p>Wiceprezeska Zarz\u0105du<\/p><p>terapeutka O\u015brodka Terapii Motylarnia, gdzie prowadzi zaj\u0119cia socjoterapeutyczne, <br \/>warsztaty dla rodzic\u00f3w oraz konsultacje rodzinne i indywidualne.<\/p><p>Wykszta\u0142cenie: psycholo\u017cka, pedago\u017cka, socjoterapeutka; uko\u0144czy\u0142a Studium Socjoterapii i Treningu Interpersonalnego Krakowskiego Centrum Psychodynamicznego oraz kurs pedagogiki Marii Montessori &#8211; Polski Instytut Montessori<\/p><h4>Weronika Sobczak<\/h4><p>terapeutka O\u015brodka Terapii Motylarnia, gdzie prowadzi zaj\u0119cia socjoterapeutyczne, <br \/>warsztaty dla rodzic\u00f3w oraz konsultacje rodzinne i indywidualne.<\/p><p>Wykszta\u0142cenie: psycholo\u017cka, pedago\u017cka, socjoterapeutka, uko\u0144czy\u0142a Kurs Podstawowy Psychoterapii Systemowej WTTS<\/p><h4>Olga Stobiecka &#8211; Rozmiarek<\/h4><p>trenerka kompetencji spo\u0142ecznych, dramy stosowanej, <br \/>trenerka edukacji antydyskryminacyjnej i mi\u0119dzykulturowej,<br \/>instruktorka ruchu kreatywnego i trenerka uwa\u017cno\u015bci, <br \/>w O\u015brodku Terapii Motylarnia prowadzi zaj\u0119cia arteterapeutyczne od pa\u017adziernika 2023 r.;<\/p><p>Wsp\u00f3\u0142tw\u00f3rczyni i realizatorka programu BY\u0106 SOB\u0104 &#8211; CZU\u0106 SI\u0118 BEZPIECZNIE 2023 R. <br \/>&#8211;\u00a0wsparcie wsp\u00f3\u0142pracy rodzic\u00f3w i kadry w celu budowania bezpiecznych relacji w szkole<\/p><h4>Jakub R\u00f3g-Mazurek<\/h4><p>terapeuta O\u015brodka Terapii Motylarnia (wsp\u00f3\u0142praca od wrze\u015bnia 2020r. do\u00a0 stycznia 2024 r.), <br \/>gdzie prowadzi\u0142 zaj\u0119cia socjoterapeutyczne, warsztaty dla rodzic\u00f3w oraz konsultacje rodzinne i indywidualne.\u00a0<br \/>Wykszta\u0142cenie: uko\u0144czy\u0142 Psychodynamiczne Studium Socjoterapii i Psychoterapii M\u0142odzie\u017cy KCP <br \/>oraz Studium Interwencji Kryzysowej \u2013 Dolno\u015bl\u0105skie Centrum Psychoterapii.<\/p><h4>dr hab. Iwona Chmura &#8211; Rutkowska<\/h4><p>wolontariuszka fundacji, wsp\u00f3\u0142praca w przygotowaniu i realizacji projekt\u00f3w antyprzemocowych, <br \/>konsultacje merytoryczne dzia\u0142a\u0144 antydyskryminacyjnych.<br \/>Zawodowo: pedago\u017cka i socjolo\u017cka z Uniwersytetu im. Adama Mickiewicza w Poznaniu; kierowniczka, <br \/>badaczka i konsultantka projekt\u00f3w z zakresu przeciwdzia\u0142ania przemocy motywowanej stereotypami, edukacji antydyskryminacyjnej oraz studi\u00f3w nad histori\u0105 kobiet.<br \/>\u00a0Autorka pror\u00f3wno\u015bciowych zaj\u0119\u0107 i warsztat\u00f3w dla m\u0142odzie\u017cy i doros\u0142ych a tak\u017ce wielu publikacji, <br \/>m in. ksi\u0105\u017cki \u201eBy\u0107 dziewczyn\u0105 \u2013 by\u0107 ch\u0142opakiem i przetrwa\u0107. P\u0142e\u0107 i przemoc w narracjach m\u0142odzie\u017cy\u201d (2019).<br \/>Ekspertka w Zespole ds. Polityki R\u00f3wno\u015bci i R\u00f3\u017cnorodno\u015bci Miasta Poznania.<\/p><h4>Marianna Pi\u0105tkowiak<\/h4><p>wolontariuszka fundacji, wsp\u00f3\u0142praca w zadaniach administracyjnych i koordynacji projekt\u00f3w.<\/p>\t\t\t\t\t\t\t\t<\/div>\n\t\t\t\t<\/div>\n\t\t\t\t\t<\/div>\n\t\t<\/div>\n\t\t\t\t\t<\/div>\n\t\t<\/section>\n\t\t\t\t<\/div>\n\t\t","protected":false},"excerpt":{"rendered":"<p>FUNDACJA Misj\u0105\u00a0Fundacji Rozwoju MOTYLARNIA\u00a0jest pozytywne oddzia\u0142ywanie na rozw\u00f3j dzieci, os\u00f3b doros\u0142ych oraz spo\u0142eczno\u015bci, w kt\u00f3rej \u017cyjemy. MISJA Centraln\u0105 dla nas warto\u015bci\u0105 jest ROZW\u00d3J, kt\u00f3ry postrzegamy w trzech uzupe\u0142niaj\u0105cych si\u0119 wzajemnie wymiarach: Harmonijny, psychospo\u0142eczny rozw\u00f3j dziecka od pocz\u0105tku \u017cycia do osoby doros\u0142ej. \u015awiadomy rozw\u00f3j wewn\u0119trzny doros\u0142ego cz\u0142owieka w kierunku samorealizacji i kszta\u0142towania jako\u015bci swojego \u017cycia. Rozw\u00f3j [&hellip;]<\/p>\n","protected":false},"author":1,"featured_media":0,"parent":0,"menu_order":0,"comment_status":"closed","ping_status":"closed","template":"","meta":{"_acf_changed":false,"footnotes":""},"class_list":["post-55","page","type-page","status-publish","hentry"],"acf":[],"_links":{"self":[{"href":"https:\/\/motylarnia.org\/index.php\/wp-json\/wp\/v2\/pages\/55","targetHints":{"allow":["GET"]}}],"collection":[{"href":"https:\/\/motylarnia.org\/index.php\/wp-json\/wp\/v2\/pages"}],"about":[{"href":"https:\/\/motylarnia.org\/index.php\/wp-json\/wp\/v2\/types\/page"}],"author":[{"embeddable":true,"href":"https:\/\/motylarnia.org\/index.php\/wp-json\/wp\/v2\/users\/1"}],"replies":[{"embeddable":true,"href":"https:\/\/motylarnia.org\/index.php\/wp-json\/wp\/v2\/comments?post=55"}],"version-history":[{"count":154,"href":"https:\/\/motylarnia.org\/index.php\/wp-json\/wp\/v2\/pages\/55\/revisions"}],"predecessor-version":[{"id":1464,"href":"https:\/\/motylarnia.org\/index.php\/wp-json\/wp\/v2\/pages\/55\/revisions\/1464"}],"wp:attachment":[{"href":"https:\/\/motylarnia.org\/index.php\/wp-json\/wp\/v2\/media?parent=55"}],"curies":[{"name":"wp","href":"https:\/\/api.w.org\/{rel}","templated":true}]}}

<div data-elementor-type="wp-page" data-elementor-id="55" class="elementor elementor-55">
						<section class="elementor-section elementor-top-section elementor-element elementor-element-52e40ab6 elementor-section-boxed elementor-section-height-default elementor-section-height-default" data-id="52e40ab6" data-element_type="section">
						<div class="elementor-container elementor-column-gap-default">
					<div class="elementor-column elementor-col-100 elementor-top-column elementor-element elementor-element-759c5687" data-id="759c5687" data-element_type="column">
			<div class="elementor-widget-wrap elementor-element-populated">
						<div class="elementor-element elementor-element-282066a8 elementor-widget elementor-widget-text-editor" data-id="282066a8" data-element_type="widget" data-widget_type="text-editor.default">
				<div class="elementor-widget-container">
									<p>FUNDACJA</p><h4>Misją Fundacji Rozwoju MOTYLARNIA jest pozytywne oddziaływanie na rozwój dzieci, osób dorosłych oraz społeczności, w której żyjemy.</h4><h5 style="text-align: center;">MISJA</h5><p>Centralną dla nas wartością jest ROZWÓJ, który postrzegamy w trzech uzupełniających się wzajemnie wymiarach:</p><ol><li>Harmonijny, psychospołeczny rozwój dziecka od początku życia do osoby dorosłej.</li><li>Świadomy rozwój wewnętrzny dorosłego człowieka w kierunku samorealizacji i kształtowania jakości swojego życia.</li><li>Rozwój świadomości społecznej opartej na współodpowiedzialności i wzajemnym poszanowaniu wolności i godności osobistej.</li></ol><p>Naszym pragnieniem jest pełne zaangażowanie posiadanych przez nas kompetencji zawodowych <br />i osobistych takich jak psychologiczne, pedagogiczne, terapeutyczne, trenerskie i organizacyjne w celu inicjowania, prowadzenia oraz promowania wszelkich działań na rzecz kreowania bezpiecznego środowiska, <br />w którym dzieci i dorośli mają możliwość jak najpełniejszej realizacji swojego potencjału.</p><h4>ZESPÓŁ</h4><h4>Joanna Kowalska-Andrzejewska</h4><p>Prezeska Zarządu</p><p>kierowniczka i terapeutka Ośrodka Terapii Motylarnia, gdzie prowadzi zajęcia socjoterapeutyczne, <br />warsztaty dla rodziców oraz konsultacje rodzinne i indywidualne<br />pomysłodawczyni i koordynatorka projektów antydyskryminacyjnych fundacji, <br />m.in. Akademii Równości i Różnorodności oraz programu <br />BYĆ SOBĄ &#8211; CZUĆ SIĘ BEZPIECZNIE 2023r.- wsparcie współpracy rodziców i kadry <br />w celu budowania bezpiecznych relacji w szkole.</p><p>Wykształcenie: psycholożka, trenerka, socjoterapeutka, arteterapeutka; <br />ukończyła Kurs Podstawowy Psychoterapii Systemowej WTTS, <br />Studium Profilaktyki Uzależnień przy Towarzystwie Psychoprofilaktycznym w Warszawie, <br />Studium Arteterapii Instytutu Eriksonowskiego, <br />Szkołę Trenerów Organizacji Pozarządowych STOP oraz specjalizację z psychologii klinicznej dzieci i młodzieży – Ginekologiczno-Położniczy Szpital Kliniczny UM w Poznaniu i Akademia Pedagogiki Specjalnej w Warszawie, <br />Akademię Trenerek MiniMediacji z i między dziećmi na podstawie Porozumienia bez Przemocy Marshalla B. Rosenberga</p><h4>Adam Stepnowski-Said</h4><p>Wiceprezes Zarządu</p><p>pomysłodawca i koordynator Akademii Rozwoju Rodziców, <br />prowadzi zajęcia grupowe, konsultacje rodzinne i indywidualne</p><p>Wykształcenie: psycholog, trener, socjoterapeuta; <br />ukończył Podstawowy i Zaawansowany Kurs Psychoterapii Systemowej WTTS. <br />Uzyskał certyfikat uprawniający do prowadzenia zajęć i pracy z rodzicami małych dzieci metodą <br />“Circle of Security® Parenting Training™” w Londynie.</p><h4>Sylwia Kończak</h4><p>Wiceprezeska Zarządu</p><p>terapeutka Ośrodka Terapii Motylarnia, gdzie prowadzi zajęcia socjoterapeutyczne, <br />warsztaty dla rodziców oraz konsultacje rodzinne i indywidualne.</p><p>Wykształcenie: psycholożka, pedagożka, socjoterapeutka; ukończyła Studium Socjoterapii i Treningu Interpersonalnego Krakowskiego Centrum Psychodynamicznego oraz kurs pedagogiki Marii Montessori &#8211; Polski Instytut Montessori</p><h4>Weronika Sobczak</h4><p>terapeutka Ośrodka Terapii Motylarnia, gdzie prowadzi zajęcia socjoterapeutyczne, <br />warsztaty dla rodziców oraz konsultacje rodzinne i indywidualne.</p><p>Wykształcenie: psycholożka, pedagożka, socjoterapeutka, ukończyła Kurs Podstawowy Psychoterapii Systemowej WTTS</p><h4>Olga Stobiecka &#8211; Rozmiarek</h4><p>trenerka kompetencji społecznych, dramy stosowanej, <br />trenerka edukacji antydyskryminacyjnej i międzykulturowej,<br />instruktorka ruchu kreatywnego i trenerka uważności, <br />w Ośrodku Terapii Motylarnia prowadzi zajęcia arteterapeutyczne od października 2023 r.;</p><p>Współtwórczyni i realizatorka programu BYĆ SOBĄ &#8211; CZUĆ SIĘ BEZPIECZNIE 2023 R. <br />&#8211; wsparcie współpracy rodziców i kadry w celu budowania bezpiecznych relacji w szkole</p><h4>Jakub Róg-Mazurek</h4><p>terapeuta Ośrodka Terapii Motylarnia (współpraca od września 2020r. do  stycznia 2024 r.), <br />gdzie prowadził zajęcia socjoterapeutyczne, warsztaty dla rodziców oraz konsultacje rodzinne i indywidualne. <br />Wykształcenie: ukończył Psychodynamiczne Studium Socjoterapii i Psychoterapii Młodzieży KCP <br />oraz Studium Interwencji Kryzysowej – Dolnośląskie Centrum Psychoterapii.</p><h4>dr hab. Iwona Chmura &#8211; Rutkowska</h4><p>wolontariuszka fundacji, współpraca w przygotowaniu i realizacji projektów antyprzemocowych, <br />konsultacje merytoryczne działań antydyskryminacyjnych.<br />Zawodowo: pedagożka i socjolożka z Uniwersytetu im. Adama Mickiewicza w Poznaniu; kierowniczka, <br />badaczka i konsultantka projektów z zakresu przeciwdziałania przemocy motywowanej stereotypami, edukacji antydyskryminacyjnej oraz studiów nad historią kobiet.<br /> Autorka prorównościowych zajęć i warsztatów dla młodzieży i dorosłych a także wielu publikacji, <br />m in. książki „Być dziewczyną – być chłopakiem i przetrwać. Płeć i przemoc w narracjach młodzieży” (2019).<br />Ekspertka w Zespole ds. Polityki Równości i Różnorodności Miasta Poznania.</p><h4>Marianna Piątkowiak</h4><p>wolontariuszka fundacji, współpraca w zadaniach administracyjnych i koordynacji projektów.</p>								</div>
				</div>
					</div>
		</div>
					</div>
		</section>
				</div>

<p>FUNDACJA Misją Fundacji Rozwoju MOTYLARNIA jest pozytywne oddziaływanie na rozwój dzieci, osób dorosłych oraz społeczności, w której żyjemy. MISJA Centralną dla nas wartością jest ROZWÓJ, który postrzegamy w trzech uzupełniających się wzajemnie wymiarach: Harmonijny, psychospołeczny rozwój dziecka od początku życia do osoby dorosłej. Świadomy rozwój wewnętrzny dorosłego człowieka w kierunku samorealizacji i kształtowania jakości swojego życia. Rozwój [&hellip;]</p>
