{"id":90,"date":"2020-01-22T09:50:27","date_gmt":"2020-01-22T09:50:27","guid":{"rendered":"https:\/\/jupiterx.artbees.net\/ngo\/?page_id=90"},"modified":"2024-02-12T20:38:19","modified_gmt":"2024-02-12T20:38:19","slug":"projekty","status":"publish","type":"page","link":"https:\/\/motylarnia.org\/index.php\/projekty\/","title":{"rendered":"PROJEKTY"},"content":{"rendered":"<h2>AKTUALNE PROJEKTY<\/h2>\n<p>\t\t\t<a href=\"https:\/\/motylarnia.org\/index.php\/2020\/12\/31\/akademia-rownosci-i-roznorodnosci-czesc-i-cykl-szkolen-dla-kadry-edukacji-formalnej-i-pozaformalnej\/\"><img loading=\"lazy\" decoding=\"async\" width=\"1024\" height=\"239\" src=\"https:\/\/motylarnia.org\/wp-content\/uploads\/2020\/12\/logotyp-1024x239.jpg\" alt=\"\" loading=\"lazy\" srcset=\"https:\/\/motylarnia.org\/wp-content\/uploads\/2020\/12\/logotyp-1024x239.jpg 1024w, https:\/\/motylarnia.org\/wp-content\/uploads\/2020\/12\/logotyp-300x70.jpg 300w, https:\/\/motylarnia.org\/wp-content\/uploads\/2020\/12\/logotyp-768x179.jpg 768w, https:\/\/motylarnia.org\/wp-content\/uploads\/2020\/12\/logotyp.jpg 1040w\" sizes=\"auto, (max-width: 1024px) 100vw, 1024px\" \/> <\/a>\t\t<\/p>\n<h3><a href=\"https:\/\/motylarnia.org\/index.php\/2020\/12\/31\/akademia-rownosci-i-roznorodnosci-czesc-i-cykl-szkolen-dla-kadry-edukacji-formalnej-i-pozaformalnej\/\">AKADEMIA R\u00d3WNO\u015aCI I R\u00d3\u017bNORODNO\u015aCI. Cz\u0119\u015b\u0107 I. Cykl szkole\u0144 dla kadry edukacji formalnej i pozaformalnej<\/a><\/h3>\n<p>\t\tAKADEMIA R\u00d3WNO\u015aCI I R\u00d3\u017bNORODNO\u015aCI to kompleksowe szkolenie kadry, pracuj\u0105cej z dzie\u0107mi i m\u0142odzie\u017c\u0105 w ramach edukacji formalnej i pozaformalnej w mie\u015bcie Pozna\u0144, a spotykaj\u0105 si\u0119 na co dzie\u0144 z osobami,<br \/>\n\t\t\t<a href=\"https:\/\/motylarnia.org\/index.php\/2020\/12\/31\/wzrastanie-poprzez-artedzialanie-inspirujace-spotkania-w-ramach-poznanskich-dni-rodziny-2020\/\"><img loading=\"lazy\" decoding=\"async\" width=\"880\" height=\"1024\" src=\"https:\/\/motylarnia.org\/wp-content\/uploads\/2020\/12\/blok-rysunkowy-karty-kolorowe.jpg\" alt=\"\" loading=\"lazy\" srcset=\"https:\/\/motylarnia.org\/wp-content\/uploads\/2020\/12\/blok-rysunkowy-karty-kolorowe.jpg 880w, https:\/\/motylarnia.org\/wp-content\/uploads\/2020\/12\/blok-rysunkowy-karty-kolorowe-258x300.jpg 258w, https:\/\/motylarnia.org\/wp-content\/uploads\/2020\/12\/blok-rysunkowy-karty-kolorowe-768x894.jpg 768w\" sizes=\"auto, (max-width: 880px) 100vw, 880px\" \/> <\/a>\t\t<\/p>\n<h3><a href=\"https:\/\/motylarnia.org\/index.php\/2020\/12\/31\/wzrastanie-poprzez-artedzialanie-inspirujace-spotkania-w-ramach-poznanskich-dni-rodziny-2020\/\">WZRASTANIE POPRZEZ ARTEDZIA\u0141ANIE \u2013 inspiruj\u0105ce spotkania w ramach Pozna\u0144skich Dni Rodziny 2020<\/a><\/h3>\n<p>\t\tNasz projekt to wsparcie dzieci i ich rodzic\u00f3w w formie zada\u0144 arteterapeutycznych oraz spotka\u0144 online z terapeutkami z Motylarnii O\u015brodka Terapii.\u00a0 Cykl 9 zaj\u0119\u0107 organizowanych przez specjalistki z Fundacji Rozwoju<br \/>\n\t\t\t<a href=\"https:\/\/motylarnia.org\/index.php\/2020\/12\/30\/bezplatne-zajecia-dla-rodzicow-realizowane-zdalnie-w-ramach-projektu-poznanskie-dni-rodziny-2020-z-akademia-rozwoju-rodzicow-on-line\/\"><img loading=\"lazy\" decoding=\"async\" width=\"1024\" height=\"597\" src=\"https:\/\/motylarnia.org\/wp-content\/uploads\/2020\/12\/102307845_2640148346237992_20067315567558656_o-1024x597.jpg\" alt=\"\" loading=\"lazy\" srcset=\"https:\/\/motylarnia.org\/wp-content\/uploads\/2020\/12\/102307845_2640148346237992_20067315567558656_o-1024x597.jpg 1024w, https:\/\/motylarnia.org\/wp-content\/uploads\/2020\/12\/102307845_2640148346237992_20067315567558656_o-300x175.jpg 300w, https:\/\/motylarnia.org\/wp-content\/uploads\/2020\/12\/102307845_2640148346237992_20067315567558656_o-768x448.jpg 768w, https:\/\/motylarnia.org\/wp-content\/uploads\/2020\/12\/102307845_2640148346237992_20067315567558656_o-1536x895.jpg 1536w, https:\/\/motylarnia.org\/wp-content\/uploads\/2020\/12\/102307845_2640148346237992_20067315567558656_o.jpg 1575w\" sizes=\"auto, (max-width: 1024px) 100vw, 1024px\" \/> <\/a>\t\t<\/p>\n<h3><a href=\"https:\/\/motylarnia.org\/index.php\/2020\/12\/30\/bezplatne-zajecia-dla-rodzicow-realizowane-zdalnie-w-ramach-projektu-poznanskie-dni-rodziny-2020-z-akademia-rozwoju-rodzicow-on-line\/\">&#8220;Pozna\u0144skie dni rodziny 2020 z Akademi\u0105 Rozwoju Rodzic\u00f3w On-Line&#8221;<\/a><\/h3>\n<p>\t\tBezp\u0142atne warsztaty ONLINE dla rodzic\u00f3w i grupa spotkaniowa ONLINE dla ojc\u00f3w, to aktualna oferta Fundacji Rozwoju Motylarnia. Pozna\u0144skich rodzic\u00f3w wspieramy ju\u017c od 2014 roku, w tym czasie przeprowadzili\u015bmy w ramach<br \/>\n\t\t\t<a href=\"https:\/\/motylarnia.org\/index.php\/2020\/12\/29\/motylarnia-osrodek-terapii\/\"><img loading=\"lazy\" decoding=\"async\" width=\"960\" height=\"642\" src=\"https:\/\/motylarnia.org\/wp-content\/uploads\/2020\/12\/osrodek.jpg\" alt=\"\" loading=\"lazy\" srcset=\"https:\/\/motylarnia.org\/wp-content\/uploads\/2020\/12\/osrodek.jpg 960w, https:\/\/motylarnia.org\/wp-content\/uploads\/2020\/12\/osrodek-300x201.jpg 300w, https:\/\/motylarnia.org\/wp-content\/uploads\/2020\/12\/osrodek-768x514.jpg 768w\" sizes=\"auto, (max-width: 960px) 100vw, 960px\" \/> <\/a>\t\t<\/p>\n<h3><a href=\"https:\/\/motylarnia.org\/index.php\/2020\/12\/29\/motylarnia-osrodek-terapii\/\">Motylarnia O\u015brodek Terapii<\/a><\/h3>\n<p>\t\tMotylarnia O\u015brodek Terapii jest&nbsp;plac\u00f3wk\u0105 wsparcia dziennego dofinansowan\u0105 przez Miasto Pozna\u0144: poprzez zaj\u0119cia&nbsp;socjoterapeutyczne, arteterapeutyczne&nbsp;oraz &nbsp;sportowe &nbsp;wspomaga wszechstronny rozw\u00f3j dziecka grupy prowadzi &nbsp;zesp\u00f3\u0142 wychowawc\u00f3w\/socjoterapeut\u00f3w kt\u00f3rzy s\u0105 do\u015bwiadczonymi&nbsp;psychologami i pedagogami oferta &nbsp;jest &nbsp;skierowana<\/p>\n","protected":false},"excerpt":{"rendered":"<p>AKTUALNE PROJEKTY AKADEMIA R\u00d3WNO\u015aCI I R\u00d3\u017bNORODNO\u015aCI. Cz\u0119\u015b\u0107 I. Cykl szkole\u0144 dla kadry edukacji formalnej i pozaformalnej AKADEMIA R\u00d3WNO\u015aCI I R\u00d3\u017bNORODNO\u015aCI to kompleksowe szkolenie kadry, pracuj\u0105cej z dzie\u0107mi i m\u0142odzie\u017c\u0105 w ramach edukacji formalnej i pozaformalnej w mie\u015bcie Pozna\u0144, a spotykaj\u0105 si\u0119 na co dzie\u0144 z osobami, WZRASTANIE POPRZEZ ARTEDZIA\u0141ANIE \u2013 inspiruj\u0105ce spotkania w ramach Pozna\u0144skich [&hellip;]<\/p>\n","protected":false},"author":1,"featured_media":0,"parent":0,"menu_order":0,"comment_status":"closed","ping_status":"closed","template":"full-width.php","meta":{"_acf_changed":false,"footnotes":""},"class_list":["post-90","page","type-page","status-publish","hentry"],"acf":[],"_links":{"self":[{"href":"https:\/\/motylarnia.org\/index.php\/wp-json\/wp\/v2\/pages\/90","targetHints":{"allow":["GET"]}}],"collection":[{"href":"https:\/\/motylarnia.org\/index.php\/wp-json\/wp\/v2\/pages"}],"about":[{"href":"https:\/\/motylarnia.org\/index.php\/wp-json\/wp\/v2\/types\/page"}],"author":[{"embeddable":true,"href":"https:\/\/motylarnia.org\/index.php\/wp-json\/wp\/v2\/users\/1"}],"replies":[{"embeddable":true,"href":"https:\/\/motylarnia.org\/index.php\/wp-json\/wp\/v2\/comments?post=90"}],"version-history":[{"count":39,"href":"https:\/\/motylarnia.org\/index.php\/wp-json\/wp\/v2\/pages\/90\/revisions"}],"predecessor-version":[{"id":952,"href":"https:\/\/motylarnia.org\/index.php\/wp-json\/wp\/v2\/pages\/90\/revisions\/952"}],"wp:attachment":[{"href":"https:\/\/motylarnia.org\/index.php\/wp-json\/wp\/v2\/media?parent=90"}],"curies":[{"name":"wp","href":"https:\/\/api.w.org\/{rel}","templated":true}]}}

<h2>AKTUALNE PROJEKTY</h2>
<p>			<a href="https://motylarnia.org/index.php/2020/12/31/akademia-rownosci-i-roznorodnosci-czesc-i-cykl-szkolen-dla-kadry-edukacji-formalnej-i-pozaformalnej/"><img loading="lazy" decoding="async" width="1024" height="239" src="https://motylarnia.org/wp-content/uploads/2020/12/logotyp-1024x239.jpg" alt="" loading="lazy" srcset="https://motylarnia.org/wp-content/uploads/2020/12/logotyp-1024x239.jpg 1024w, https://motylarnia.org/wp-content/uploads/2020/12/logotyp-300x70.jpg 300w, https://motylarnia.org/wp-content/uploads/2020/12/logotyp-768x179.jpg 768w, https://motylarnia.org/wp-content/uploads/2020/12/logotyp.jpg 1040w" sizes="auto, (max-width: 1024px) 100vw, 1024px" /> </a>		</p>
<h3><a href="https://motylarnia.org/index.php/2020/12/31/akademia-rownosci-i-roznorodnosci-czesc-i-cykl-szkolen-dla-kadry-edukacji-formalnej-i-pozaformalnej/">AKADEMIA RÓWNOŚCI I RÓŻNORODNOŚCI. Część I. Cykl szkoleń dla kadry edukacji formalnej i pozaformalnej</a></h3>
<p>		AKADEMIA RÓWNOŚCI I RÓŻNORODNOŚCI to kompleksowe szkolenie kadry, pracującej z dziećmi i młodzieżą w ramach edukacji formalnej i pozaformalnej w mieście Poznań, a spotykają się na co dzień z osobami,<br />
			<a href="https://motylarnia.org/index.php/2020/12/31/wzrastanie-poprzez-artedzialanie-inspirujace-spotkania-w-ramach-poznanskich-dni-rodziny-2020/"><img loading="lazy" decoding="async" width="880" height="1024" src="https://motylarnia.org/wp-content/uploads/2020/12/blok-rysunkowy-karty-kolorowe.jpg" alt="" loading="lazy" srcset="https://motylarnia.org/wp-content/uploads/2020/12/blok-rysunkowy-karty-kolorowe.jpg 880w, https://motylarnia.org/wp-content/uploads/2020/12/blok-rysunkowy-karty-kolorowe-258x300.jpg 258w, https://motylarnia.org/wp-content/uploads/2020/12/blok-rysunkowy-karty-kolorowe-768x894.jpg 768w" sizes="auto, (max-width: 880px) 100vw, 880px" /> </a>		</p>
<h3><a href="https://motylarnia.org/index.php/2020/12/31/wzrastanie-poprzez-artedzialanie-inspirujace-spotkania-w-ramach-poznanskich-dni-rodziny-2020/">WZRASTANIE POPRZEZ ARTEDZIAŁANIE – inspirujące spotkania w ramach Poznańskich Dni Rodziny 2020</a></h3>
<p>		Nasz projekt to wsparcie dzieci i ich rodziców w formie zadań arteterapeutycznych oraz spotkań online z terapeutkami z Motylarnii Ośrodka Terapii.  Cykl 9 zajęć organizowanych przez specjalistki z Fundacji Rozwoju<br />
			<a href="https://motylarnia.org/index.php/2020/12/30/bezplatne-zajecia-dla-rodzicow-realizowane-zdalnie-w-ramach-projektu-poznanskie-dni-rodziny-2020-z-akademia-rozwoju-rodzicow-on-line/"><img loading="lazy" decoding="async" width="1024" height="597" src="https://motylarnia.org/wp-content/uploads/2020/12/102307845_2640148346237992_20067315567558656_o-1024x597.jpg" alt="" loading="lazy" srcset="https://motylarnia.org/wp-content/uploads/2020/12/102307845_2640148346237992_20067315567558656_o-1024x597.jpg 1024w, https://motylarnia.org/wp-content/uploads/2020/12/102307845_2640148346237992_20067315567558656_o-300x175.jpg 300w, https://motylarnia.org/wp-content/uploads/2020/12/102307845_2640148346237992_20067315567558656_o-768x448.jpg 768w, https://motylarnia.org/wp-content/uploads/2020/12/102307845_2640148346237992_20067315567558656_o-1536x895.jpg 1536w, https://motylarnia.org/wp-content/uploads/2020/12/102307845_2640148346237992_20067315567558656_o.jpg 1575w" sizes="auto, (max-width: 1024px) 100vw, 1024px" /> </a>		</p>
<h3><a href="https://motylarnia.org/index.php/2020/12/30/bezplatne-zajecia-dla-rodzicow-realizowane-zdalnie-w-ramach-projektu-poznanskie-dni-rodziny-2020-z-akademia-rozwoju-rodzicow-on-line/">&#8220;Poznańskie dni rodziny 2020 z Akademią Rozwoju Rodziców On-Line&#8221;</a></h3>
<p>		Bezpłatne warsztaty ONLINE dla rodziców i grupa spotkaniowa ONLINE dla ojców, to aktualna oferta Fundacji Rozwoju Motylarnia. Poznańskich rodziców wspieramy już od 2014 roku, w tym czasie przeprowadziliśmy w ramach<br />
			<a href="https://motylarnia.org/index.php/2020/12/29/motylarnia-osrodek-terapii/"><img loading="lazy" decoding="async" width="960" height="642" src="https://motylarnia.org/wp-content/uploads/2020/12/osrodek.jpg" alt="" loading="lazy" srcset="https://motylarnia.org/wp-content/uploads/2020/12/osrodek.jpg 960w, https://motylarnia.org/wp-content/uploads/2020/12/osrodek-300x201.jpg 300w, https://motylarnia.org/wp-content/uploads/2020/12/osrodek-768x514.jpg 768w" sizes="auto, (max-width: 960px) 100vw, 960px" /> </a>		</p>
<h3><a href="https://motylarnia.org/index.php/2020/12/29/motylarnia-osrodek-terapii/">Motylarnia Ośrodek Terapii</a></h3>
<p>		Motylarnia Ośrodek Terapii jest&nbsp;placówką wsparcia dziennego dofinansowaną przez Miasto Poznań: poprzez zajęcia&nbsp;socjoterapeutyczne, arteterapeutyczne&nbsp;oraz &nbsp;sportowe &nbsp;wspomaga wszechstronny rozwój dziecka grupy prowadzi &nbsp;zespół wychowawców/socjoterapeutów którzy są doświadczonymi&nbsp;psychologami i pedagogami oferta &nbsp;jest &nbsp;skierowana</p>

<p>AKTUALNE PROJEKTY AKADEMIA RÓWNOŚCI I RÓŻNORODNOŚCI. Część I. Cykl szkoleń dla kadry edukacji formalnej i pozaformalnej AKADEMIA RÓWNOŚCI I RÓŻNORODNOŚCI to kompleksowe szkolenie kadry, pracującej z dziećmi i młodzieżą w ramach edukacji formalnej i pozaformalnej w mieście Poznań, a spotykają się na co dzień z osobami, WZRASTANIE POPRZEZ ARTEDZIAŁANIE – inspirujące spotkania w ramach Poznańskich [&hellip;]</p>
